mmon factor of 33 and l?
11
Let t be (-4)/(-6) - (-10)/30. Let z be (t + 4)*87/3. What is the highest common divisor of 29 and z?
29
Let l(i) = -2*i - 22. Let s be l(-13). Suppose c + s*o - 71 = -20, 3*o = -4*c + 152. What is the highest common divisor of c and 420?
35
Suppose 132*l - 1862 = 12262. Calculate the greatest common divisor of 19367 and l.
107
Suppose 11*q = 21*q - 4*q. Let z = 641 + -281. Suppose -5*r - 60 + z = q. What is the highest common factor of 24 and r?
12
Suppose 7*o - 117 - 387 = 0. Let v = -34 + o. What is the greatest common factor of 190 and v?
38
Let h be (-4)/8 - 114/(-4). Suppose 0 = -5*y + 10 + 15. Suppose -24 = 3*r - y*r - 5*v, -3*v = -5*r + 29. Calculate the greatest common divisor of r and h.
7
Let i = -26 - -43. Let d(b) = b**2 - 11*b - 22. Let m be d(i). Calculate the highest common factor of m and 32.
16
Let i(n) = 4*n**3 - n**2 - 36*n + 64. Let h be i(2). What is the greatest common divisor of h and 576?
4
Suppose 16*v - 6 = 14*v. Suppose 0 = y - v*l - 48, -4*y + 5*l = -75 - 124. Suppose -y + 159 = 3*q. What is the highest common factor of 288 and q?
36
Let k(n) = n**3 + n**2 - 16*n - 124. Let r be k(10). Calculate the greatest common factor of 1173 and r.
51
Let c = -1212 - -2820. Let p = -732 + c. Suppose -p = 8*z - 3780. What is the highest common divisor of 33 and z?
33
Let w = -1362 + 2154. Suppose -3*h + 47*h - w = 0. What is the highest common factor of 78 and h?
6
Suppose -750 + 222 = 9*m - 42*m. What is the highest common factor of m and 91?
1
Suppose -3*s = -0*s - 96. Suppose -147 = 12*m - 109 - 86. Calculate the greatest common divisor of s and m.
4
Let b = 45 - 43. Let d be 63/(-6)*b/(-3). Let s be 0 + (d - 3) + 31. Calculate the greatest common factor of s and 14.
7
Suppose 0 = 5*i + 23 - 153. Suppose -30 + i = -l. Suppose -l*u + 11 = -33. Calculate the greatest common divisor of u and 33.
11
Let c = 6 + -9. Let k(a) = 65*a + 42*a - 13*a**2 - 165*a + 10*a**2 + 57*a - a**3. Let t be k(c). What is the highest common factor of 24 and t?
3
Let r(c) = 131*c - 757. Let j be r(6). What is the greatest common factor of 4176 and j?
29
Let m(d) = d**2 - 18*d - 63. Let x be m(21). Suppose 0 = -3*i - 5*j + 307, x*i + i + 2*j = 103. Calculate the greatest common divisor of 11 and i.
11
Let c be 162/(1*2/21 + 550/840). Calculate the highest common factor of 3600 and c.
72
Suppose -2*m = -2*l - 210 - 6, -5*m = 3*l + 316. Let n = 119 + l. Calculate the highest common factor of n and 84.
12
Suppose 0 = -m - 50 + 239. What is the highest common factor of m and 560?
7
Let w = 26 + -28. Suppose 0 = 5*m - 5, -5*k + k = m + 7. Let r be (w/(-5))/(k/(-50)). Calculate the greatest common divisor of 4 and r.
2
Let u(y) = -7*y**3 - 5*y**2 - 7*y + 25. Let f be u(-3). What is the greatest common factor of f and 152?
38
Let s = 277 + -158. Let n(y) = -3*y + 29. Let p be n(21). Let k be (3/(-6))/(1/p). Calculate the greatest common factor of k and s.
17
Let f = 5 + -2. Suppose -f*d + 1140 = -0*d - 3*t, -4*d + 1525 = -3*t. Suppose 52*h - 210 = 46*h. Calculate the highest common divisor of h and d.
35
Let m be (9 - (-6)/(-2)) + -11. Let b(q) = q**3 + 6*q**2 - 23. Let p be b(m). Calculate the greatest common factor of 10 and p.
2
Let n(z) = 4*z**3 + 111*z**2 + 136*z - 44. Let a be n(-26). Calculate the greatest common factor of 1024 and a.
128
Suppose 0 = -5*c - 10, 0 = -5*g + 6*c - 3*c + 186. Let l = g + -30. Suppose l*h = -2*h + 88. Calculate the highest common divisor of h and 44.
11
Suppose -13*z + 8214 = 1428. Let o be 1/((-516)/z - -1). What is the highest common divisor of 3 and o?
3
Let y be (-333)/15*(-150)/9. Calculate the greatest common divisor of 28675 and y.
185
Let w be 13 + (-13 - (-19 - -11)). Let f = -800 + 1144. Calculate the highest common factor of f and w.
8
Suppose 9*b = 6*b - 80*b + 15770. What is the highest common divisor of 21470 and b?
190
Let c = -10 - -30. Suppose 0 = -o - 14 + 11. Let q(v) = -v**3 - 3*v**2 - 6*v + 2. Let t be q(o). What is the greatest common divisor of t and c?
20
Suppose b = -4*w + 20, -6*w + w = 0. Let l be 175/b + 5 - (-4)/16. Let s(m) = -35*m - 7. Let z be s(-7). Calculate the greatest common divisor of l and z.
14
Let h = 46835 + -25009. What is the greatest common factor of 28 and h?
14
Suppose -157*s + 34406 - 9547 = -47989. Calculate the highest common divisor of 1218 and s.
58
Let k(x) = x**2 + 10*x + 83. Let y be k(-11). Suppose 5*z - 1589 = -y. Calculate the highest common divisor of 23 and z.
23
Suppose 3*m + 230*h - 233*h = 168, 4*h - 71 = -m. Let x(k) = 117*k + 3. Let y be x(6). Let c = 1236 - y. Calculate the highest common divisor of c and m.
59
Let l = -5493 - -6182. Calculate the greatest common divisor of 65 and l.
13
Let o = -7380 + 10096. Calculate the greatest common divisor of o and 20.
4
Let m(t) = -t**3 - 2*t**2 + 61*t + 176. Let s be m(-3). What is the greatest common divisor of 838 and s?
2
Suppose -34*w = -54*w + 2320. Suppose -13*q + 27 = -129. What is the highest common factor of q and w?
4
Suppose 0 = -3*g + 4*l + 14, -4*g - 5*l = -l. Suppose -g*k - 11*k + 1248 = 0. Suppose x = 3 + 9. What is the greatest common divisor of k and x?
12
Let o(n) = -5*n + 4*n - n + 85 + n**2. Let d be o(0). Let y be (-4)/(-10)*1*d. What is the highest common factor of 272 and y?
34
Let o(x) = -4*x - 15. Let m = -27 + 4. Let f = m - -16. Let n be o(f). Calculate the greatest common factor of 117 and n.
13
Let a = -10770 - -10794. Let j(n) = -6*n. Let r be j(-1). Let x be r/15 - 2156/(-10). Calculate the greatest common factor of a and x.
24
Suppose -5*h - 562 = -4*y, -282 = -5*y + 4*h + 416. What is the greatest common divisor of 3 and y?
3
Suppose -g + 9 = -30. Let m be -7 - 21/((-294)/13748). What is the greatest common divisor of m and g?
39
Let n be -7 + ((-248)/(-12) - (-1)/3). What is the greatest common divisor of 826 and n?
14
Suppose 3*f - 5*j - 540 = f, 8 = 4*j. Calculate the highest common divisor of 1485 and f.
55
Let b(c) = 2*c**3 + 33*c**2 - 9*c - 48. Let z(w) = w**2 + 6*w - 71. Let g be z(-11). Let u be b(g). What is the highest common factor of u and 64?
32
Let v = -10281 - -12041. Calculate the highest common factor of 940 and v.
20
Let p = -18195 + 18300. What is the highest common factor of p and 555?
15
Let k = 11377 + -11290. Let z be (-2)/(-3 + (-3391)/(-1131)). What is the highest common factor of k and z?
87
Suppose 2*c - 4*l = 101116, 4*c + 237*l - 242*l - 202250 = 0. What is the greatest common divisor of c and 65?
65
Let g be 5039272/322 + 11/((-1771)/(-14)). What is the highest common factor of 100 and g?
50
Suppose -85 = 12*u - 889. Suppose -3*o = 5*c - 288, 2*c - 61 = 2*o + u. What is the highest common divisor of 20 and c?
20
Let a be ((200/(-3))/4)/(8/(-24)). Suppose -4*l + 18 = -a. Calculate the highest common divisor of 34 and l.
17
Let q(m) = -11*m**2 + 216*m - 1. Let p be q(18). Calculate the greatest common factor of p and 133.
19
Suppose -4*z + 188 = 5*d, -z + 88*d + 54 = 91*d. Let u = -4 + 12. Let l be (42/u)/((-12)/(-64)). What is the greatest common factor of z and l?
14
Let g(s) be the first derivative of -s**3/3 + 11*s**2/2 + 2*s + 11. Let z be g(9). Let t be (1 + -4)/((-3)/z). What is the highest common factor of t and 30?
10
Let d = 359 - 223. Let t = d + -98. What is the greatest common factor of 38 and t?
38
Let q = 3306 + 2458. What is the highest common divisor of 44 and q?
44
Suppose -3*i + 2086 = 2*i - 3*r, 4*r + 8 = 0. Suppose i*a = 418*a - 16. Calculate the highest common factor of a and 1.
1
Let y(r) = r**3 - 6*r**2 - 7*r + 20. Let f be y(7). Suppose -2*j + 4*w = -j - f, j - w - 26 = 0. Calculate the highest common factor of j and 70.
14
Suppose -17*m = -0*m - 272. Let v be ((-4)/m)/((-2)/112). Calculate the greatest common factor of v and 42.
14
Suppose 4*y - 28 = -2*d, 0 = -d - 0*y + 5*y. Suppose -404 = -6*x + d. Calculate the highest common factor of x and 23.
23
Let a be 37009/51 + 16 + 6/(-9). What is the highest common factor of 507 and a?
39
Suppose 0 = -3*c + 397 + 395. Let a be ((-1)/(-3))/(4/c). Let b(q) = 2*q**3 - 16*q**2 + 15*q + 4. Let s be b(7). What is the greatest common factor of s and a?
11
Let z be 54/(-36) - -3 - (-1 + 28554/(-4)). What is the greatest common divisor of z and 111?
37
Let x(z)